{"id":418,"date":"2022-02-04T13:01:07","date_gmt":"2022-02-04T13:01:07","guid":{"rendered":"https:\/\/sd-hausmeisterservice.de\/?page_id=418"},"modified":"2022-02-04T13:01:07","modified_gmt":"2022-02-04T13:01:07","slug":"news","status":"publish","type":"page","link":"https:\/\/sd.sd-hausmeisterservice.de\/?page_id=418","title":{"rendered":"News"},"content":{"rendered":"\t\t<div data-elementor-type=\"wp-page\" data-elementor-id=\"418\" class=\"elementor elementor-418\">\n\t\t\t\t\t\t<section class=\"elementor-section elementor-top-section elementor-element elementor-element-54aedee elementor-section-boxed elementor-section-height-default elementor-section-height-default\" data-id=\"54aedee\" data-element_type=\"section\" data-e-type=\"section\">\n\t\t\t\t\t\t<div class=\"elementor-container elementor-column-gap-default\">\n\t\t\t\t\t<div class=\"elementor-column elementor-col-100 elementor-top-column elementor-element elementor-element-41b7775\" data-id=\"41b7775\" data-element_type=\"column\" data-e-type=\"column\">\n\t\t\t<div class=\"elementor-widget-wrap elementor-element-populated\">\n\t\t\t\t\t\t<div class=\"elementor-element elementor-element-1b2658e elementor-widget elementor-widget-wp-widget-rss\" data-id=\"1b2658e\" data-element_type=\"widget\" data-e-type=\"widget\" data-widget_type=\"wp-widget-rss.default\">\n\t\t\t\t<div class=\"elementor-widget-container\">\n\t\t\t\t\t<h5><a class=\"rsswidget rss-widget-feed\" href=\"https:\/\/www.swr.de\/~rss\/swraktuell\/swraktuell-rp-100.xml\"><img decoding=\"async\" class=\"rss-widget-icon\" style=\"border:0\" width=\"14\" height=\"14\" src=\"https:\/\/sd.sd-hausmeisterservice.de\/wp-includes\/images\/rss.png\" alt=\"RSS\" \/><\/a> <a class=\"rsswidget rss-widget-title\" href=\"https:\/\/www.swr.de\/swraktuell\/rheinland-pfalz\/index.html\">SWR Aktuell Rheinland-Pfalz<\/a><\/h5><ul><li><a class='rsswidget' href='https:\/\/www.tagesschau.de\/inland\/innenpolitik\/entlastungspraemie-reformen-schwarz-rot-102.html'>Schwarz-Rot will Reformpaket vor der Sommerpause<\/a><div class=\"rssSummary\">Union und SPD haben ein Reformpaket noch vor der Sommerpause angek\u00fcndigt. Nach den j\u00fcngsten Spannungen zeigen sich die Koalitionspartner immerhin einig beim Zeitplan. Die geplante\u2026<\/div><\/li><li><a class='rsswidget' href='https:\/\/www.swr.de\/swraktuell\/rheinland-pfalz\/ludwigshafen\/bistum-speyer-beteiligt-sich-mit-mini-dom-an-katholikentag-in-wuerzburg-100.html'>Bistum Speyer mit Mini-Dom beim Katholikentag in W\u00fcrzburg<\/a><div class=\"rssSummary\">Das Bistum Speyer hat einen ganz besonderen Stand auf der Kirchenmeile in W\u00fcrzburg. Gl\u00e4ubige aus aller Welt kommen zum Katholikentag und die Speyerer m\u00f6chten ihren Dom zeigen.<\/div><\/li><li><a class='rsswidget' href='https:\/\/www.tagesschau.de\/wissen\/technologie\/wasserstoff-ready-gaskraftwerke-100.html'>Kritik an Wasserstoffstrategie der Regierung<\/a><div class=\"rssSummary\">Wirtschaftsministerin Reiche will Gaskraftwerke bauen lassen, um L\u00fccken bei der Stromversorgung zu schlie\u00dfen. Die sollen auch Wasserstoff verbrennen k\u00f6nnen. Doch Forschende pl\u00e4die\u2026<\/div><\/li><li><a class='rsswidget' href='https:\/\/www.tagesschau.de\/inland\/regional\/badenwuerttemberg\/oezdemir-ministerpraesident-wahl-100.html'>Cem \u00d6zdemir zum Ministerpr\u00e4sidenten gew\u00e4hlt<\/a><div class=\"rssSummary\">Gr\u00fcnen-Politiker Cem \u00d6zdemir ist neuer Ministerpr\u00e4sident von Baden-W\u00fcrttemberg. Er bekam aber nicht alle Stimmen der gr\u00fcn-schwarzen Koalition. \u00d6zdemir folgt auf Winfried Kretschma\u2026<\/div><\/li><li><a class='rsswidget' href='https:\/\/www.swr.de\/swraktuell\/rheinland-pfalz\/kaiserslautern\/landstuhl-zugbegleiter-getoetet-stand-der-ermittlungen-100.html'>Get\u00f6teter Zugbegleiter in Landstuhl: Verd\u00e4chtiger gibt Tat zu<\/a><div class=\"rssSummary\">Der Fall hatte bundesweit die Menschen ersch\u00fcttert: Anfang Februar war ein Zugbegleiter in einem Zug bei Landstuhl get\u00f6tet worden. Die Staatsanwaltschaft hat jetzt neue Ermittlungsergebnisse bekanntgegeben.<\/div><\/li><li><a class='rsswidget' href='https:\/\/www.swr.de\/swraktuell\/rheinland-pfalz\/neue-landesregierung-rlp-was-sich-jetzt-wirklich-aendert-100.html'>Neue Minister, alte Probleme: Was sich f\u00fcr Rheinland-Pfalz jetzt wirklich ver\u00e4ndert<\/a><div class=\"rssSummary\">Die neue Landesregierung setzt auf erfahrene Politiker statt auf den gro\u00dfen Neustart. Viele Wahlkampfversprechen werden nun deutlich vorsichtiger formuliert.<\/div><\/li><li><a class='rsswidget' href='https:\/\/www.swr.de\/swraktuell\/rheinland-pfalz\/cdu-stellt-minister-neue-landesregierung-vor-spd-minister-ministerinnen-sind-bekannt-100.html'>CSU-Politikerin Eiling-H\u00fctig wird Bildungsministerin in Rheinland-Pfalz<\/a><div class=\"rssSummary\">Die neue Regierungsmannschaft in Rheinland-Pfalz steht. Die CDU hat nun ihre Minister-Riege pr\u00e4sentiert. Bildungsministerin wird \u00fcberraschend eine CSU-Politikerin aus Bayern.<\/div><\/li><li><a class='rsswidget' href='https:\/\/www.swr.de\/swraktuell\/rheinland-pfalz\/christoph-gensch-neuer-vorsitzender-der-cdu-landtagsfraktion-100.html'>Gensch ist neuer CDU-Fraktionschef in RLP<\/a><div class=\"rssSummary\">Die rheinland-pf\u00e4lzische CDU-Landtagsfraktion hat Christoph Gensch zu ihrem neuen Vorsitzenden gew\u00e4hlt. Der 47 Jahre alte Arzt aus Zweibr\u00fccken folgt Gordon Schnieder nach, der am Montag zum Ministerpr\u00e4sidenten gek\u00fcrt werden soll.<\/div><\/li><li><a class='rsswidget' href='https:\/\/www.swr.de\/swraktuell\/rheinland-pfalz\/mainz\/schlag-gegen-drogenring-in-rlp-bw-und-hessen-100.html'>Gro\u00dfeinsatz gegen Drogenkriminalit\u00e4t<\/a><div class=\"rssSummary\">Der Polizei ist es gelungen, mehrere mutma\u00dfliche Drogenh\u00e4ndler festzunehmen. Die Liste der beschlagnahmten Substanzen und Beweismittel ist lang.<\/div><\/li><li><a class='rsswidget' href='https:\/\/www.swr.de\/swraktuell\/rheinland-pfalz\/hausarzt-projekt-haeppi-aerztemangel-rlp-bilanz-100.html'>Wie das Projekt &quot;H\u00c4PPI&quot; Haus\u00e4rzte auf dem Land in RLP entlastet<\/a><div class=\"rssSummary\">Haus\u00e4rzte fehlen, Praxen sind \u00fcberlastet - vor allem im l\u00e4ndlichen Raum in RLP. Das Pilotprojekt &quot;H\u00c4PPI&quot; soll Abhilfe schaffen. Nach sechs Monaten wird nun Bilanz gezogen.<\/div><\/li><\/ul>\t\t\t\t<\/div>\n\t\t\t\t<\/div>\n\t\t\t\t\t<\/div>\n\t\t<\/div>\n\t\t\t\t\t<\/div>\n\t\t<\/section>\n\t\t\t\t<section class=\"elementor-section elementor-top-section elementor-element elementor-element-fe9747b elementor-section-boxed elementor-section-height-default elementor-section-height-default\" data-id=\"fe9747b\" data-element_type=\"section\" data-e-type=\"section\">\n\t\t\t\t\t\t<div class=\"elementor-container elementor-column-gap-default\">\n\t\t\t\t\t<div class=\"elementor-column elementor-col-50 elementor-top-column elementor-element elementor-element-2711a19\" data-id=\"2711a19\" data-element_type=\"column\" data-e-type=\"column\">\n\t\t\t<div class=\"elementor-widget-wrap elementor-element-populated\">\n\t\t\t\t\t\t<div class=\"elementor-element elementor-element-9641cba elementor-widget elementor-widget-wp-widget-rss\" data-id=\"9641cba\" data-element_type=\"widget\" data-e-type=\"widget\" data-widget_type=\"wp-widget-rss.default\">\n\t\t\t\t<div class=\"elementor-widget-container\">\n\t\t\t\t\t<h5><a class=\"rsswidget rss-widget-feed\" href=\"https:\/\/www.verbraucherzentrale-rlp.de\/rssfeeds\"><img decoding=\"async\" class=\"rss-widget-icon\" style=\"border:0\" width=\"14\" height=\"14\" src=\"https:\/\/sd.sd-hausmeisterservice.de\/wp-includes\/images\/rss.png\" alt=\"RSS\" \/><\/a> <a class=\"rsswidget rss-widget-title\" href=\"https:\/\/www.verbraucherzentrale-rlp.de\/\">alle Wissens-Artikel<\/a><\/h5><ul><li><a class='rsswidget' href='https:\/\/www.verbraucherzentrale-rlp.de\/node\/6059'>Phishing-Radar: Aktuelle Warnungen<\/a><div class=\"rssSummary\">Hier zeigen wir kontinuierlich aktuelle Betrugsversuche, die uns \u00fcber unser Phishing-Radar erreichen.<\/div><\/li><li><a class='rsswidget' href='https:\/\/www.verbraucherzentrale-rlp.de\/node\/39486'>Betr\u00fcgerische Inkassoschreiben: Auf diese Konten sollten Sie nichts \u00fcberweisen<\/a><div class=\"rssSummary\">Regelm\u00e4\u00dfig erhalten Verbraucher:innen betr\u00fcgerische Inkassoschreiben. Die Verbraucherzentrale Brandenburg ver\u00f6ffentlicht Nummern von Konten, auf die Sie kein Geld \u00fcberweisen sollten, die sogenannte Schwarzliste.<\/div><\/li><li><a class='rsswidget' href='https:\/\/www.verbraucherzentrale-rlp.de\/node\/28016'>Kn\u00f6llchen auf dem Supermarkt-Parkplatz: Regeln f\u00fcr private Strafzettel<\/a><div class=\"rssSummary\">Kurz zum Einkaufen und schon klemmt ein Strafzettel hinter dem Scheibenwischer: Viele Superm\u00e4rkte setzen inzwischen auf Privatunternehmen, die ihre Kundenparkpl\u00e4tze kontrollieren. Aber nicht jedes Kn\u00f6llchen auf dem Supermarkt-Parkplatz ist zul\u00e4ssig.<\/div><\/li><li><a class='rsswidget' href='https:\/\/www.verbraucherzentrale-rlp.de\/node\/94357'>Sammelklage gegen ExtraEnergie GmbH<\/a><div class=\"rssSummary\">Die ExtraEnergie GmbH hat im Sommer 2022 ihre Preise f\u00fcr Strom und Gas massiv erh\u00f6ht. Zu Unrecht, meint der Verbraucherzentrale Bundesverband. Er greift mit einer Musterfeststellungsklage diese und weitere Preisanpassungen an. Betroffene Verbraucher:innen sollen so Erstattungen erhalten.<\/div><\/li><li><a class='rsswidget' href='https:\/\/www.verbraucherzentrale-rlp.de\/node\/106106'>Vorsicht, Fake-Werbung: Prominente als Lockv\u00f6gel f\u00fcr Nahrungserg\u00e4nzungsmittel<\/a><div class=\"rssSummary\">Immer wieder werden Nahrungserg\u00e4nzungsmittel mit Prominenten beworben \u2013 ohne deren Wissen. Zum Beispiel durch Fake-Artikel in nicht existierenden Zeitschriften oder KI-erzeugte Inhalte. Erfahren Sie, welche Produkte im Fokus stehen und wie Sie sich vor Betrug und Gesundheitsrisiken sch\u00fctzen k\u00f6nnen.<\/div><\/li><li><a class='rsswidget' href='https:\/\/www.verbraucherzentrale-rlp.de\/node\/119179'>Immobilie vererben und erben: Was Sie dazu wissen m\u00fcssen<\/a><div class=\"rssSummary\">Rund 400.000 Immobilien wechseln in Deutschland jedes Jahr den Eigent\u00fcmer \u2014 im Erbfall. Die Verbraucherzentrale zeigt, wie Sie Streit vermeiden, Steuern sparen und Ihr Haus rechtssicher weitergeben.<\/div><\/li><li><a class='rsswidget' href='https:\/\/www.verbraucherzentrale-rlp.de\/node\/76907'>Betrug: Phishing-Mails und falsche SMS von Ministerien und Beh\u00f6rden<\/a><div class=\"rssSummary\">Aktuelle Entwicklungen machen sich Kriminelle schnell zu Nutze. So auch zu den Themen Inflation, Energiekrise und nationale Sicherheit. Der Betrug kommt per SMS, E-Mail oder auf falschen Internetseiten. In diesem Artikel warnen die Verbraucherzentralen vor verschiedenen aktuellen Betrugsmaschen.<\/div><\/li><li><a class='rsswidget' href='https:\/\/www.verbraucherzentrale-rlp.de\/node\/118178'>Neues Altersvorsorgedepot: Renten-Chance oder teure Verkaufsfalle?<\/a><div class=\"rssSummary\">Bundestag und Bundesrat haben eine grundlegende Reform der Riester-Rente verabschiedet, die ab 2027 in Kraft tritt. In diesem Artikel der Verbraucherzentralen erfahren Sie, warum Sie die neuen Angebote unbedingt skeptisch pr\u00fcfen sollten und welche Kostenfallen drohen.<\/div><\/li><li><a class='rsswidget' href='https:\/\/www.verbraucherzentrale-rlp.de\/node\/119890'>Deutschlandtrikot online kaufen: So sch\u00fctzen Sie sich vor Fakeshops und Plagiaten<\/a><div class=\"rssSummary\">Wer zur WM 2026 ein Deutschlandtrikot kaufen m\u00f6chte, sollte aufpassen: Die Verbraucherzentralen warnen vor Fakeshops und Plagiaten aus dem Nicht-EU-Ausland. Darauf sollten Sie achten.<\/div><\/li><li><a class='rsswidget' href='https:\/\/www.verbraucherzentrale-rlp.de\/node\/62109'>Zoll und E-Commerce: Einfuhrabgaben f\u00fcr K\u00e4ufe aus Nicht-EU-L\u00e4ndern<\/a><div class=\"rssSummary\">Bestellungen aus Nicht-EU-L\u00e4ndern sind oft teurer als gedacht: Seit 2021 fallen Einfuhrabgaben an, ab Juli 2026 entf\u00e4llt auch die 150-Euro-Grenze. Dazu kommen h\u00e4ufig Servicepauschalen. Die Verbraucherzentralen sagen Ihnen, worauf Sie achten sollten, damit Sie nicht in eine Kostenfalle tappen.<\/div><\/li><\/ul>\t\t\t\t<\/div>\n\t\t\t\t<\/div>\n\t\t\t\t\t<\/div>\n\t\t<\/div>\n\t\t\t\t<div class=\"elementor-column elementor-col-50 elementor-top-column elementor-element elementor-element-176f420\" data-id=\"176f420\" data-element_type=\"column\" data-e-type=\"column\">\n\t\t\t<div class=\"elementor-widget-wrap elementor-element-populated\">\n\t\t\t\t\t\t<div class=\"elementor-element elementor-element-07ff04c elementor-widget elementor-widget-wp-widget-rss\" data-id=\"07ff04c\" data-element_type=\"widget\" data-e-type=\"widget\" data-widget_type=\"wp-widget-rss.default\">\n\t\t\t\t<div class=\"elementor-widget-container\">\n\t\t\t\t\t<h5><a class=\"rsswidget rss-widget-feed\" href=\"https:\/\/www.ad-hoc-news.de\/rss\/politik.xml\"><img decoding=\"async\" class=\"rss-widget-icon\" style=\"border:0\" width=\"14\" height=\"14\" src=\"https:\/\/sd.sd-hausmeisterservice.de\/wp-includes\/images\/rss.png\" alt=\"RSS\" \/><\/a> <a class=\"rsswidget rss-widget-title\" href=\"https:\/\/www.ad-hoc-news.de\/\">RSS Feed von www.ad-hoc-news.de.de<\/a><\/h5><ul><li><a class='rsswidget' href='https:\/\/www.ad-hoc-news.de\/politik\/der-fruehere-bundespraesident-joachim-gauck-ist-offen-auch-fuer-einen\/69325288'>Der fr\u00fchere Bundespr\u00e4sident Joachim Gauck ist offen auch f\u00fcr einen m\u00e4nnlichen Nachnachfolger.<\/a><div class=\"rssSummary\">Gauck: N\u00e4chstes Staatsoberhaupt muss keine Frau sein<\/div><\/li><li><a class='rsswidget' href='https:\/\/www.ad-hoc-news.de\/politik\/sechs-stunden-haben-union-und-spd-verhandelt\/69325189'>Sechs Stunden haben Union und SPD verhandelt.<\/a><div class=\"rssSummary\">1.000-Euro-Pr\u00e4mie gekippt - Reform-Fahrplan beschlossen. Einen fr\u00fcheren Beschluss r\u00e4umte die Koalition zwar wieder ab. Daf\u00fcr gibt es jetzt einen Fahrplan f\u00fcr die Reformen.<\/div><\/li><li><a class='rsswidget' href='https:\/\/www.ad-hoc-news.de\/politik\/linken-chefin-ines-schwerdtner-verlangt-zur-modernisierung-der-deutschen\/69325017'>Linken-Chefin Ines Schwerdtner, verlangt zur Modernisierung der deutschen Wirtschaft ein massives Konjunkturprogramm.<\/a><div class=\"rssSummary\">Linke fordert XXL-Konjunkturprogramm<\/div><\/li><li><a class='rsswidget' href='https:\/\/www.ad-hoc-news.de\/politik\/wer-steckt-hinter-einer-raubserie-mit-millionenbeute-fuer-die\/69324864'>Wer steckt hinter einer Raubserie mit Millionenbeute? F\u00fcr die Staatsanwaltschaft ist die Lage klar, f\u00fcr die Verteidigung nicht.<\/a><div class=\"rssSummary\">Anw\u00e4lte sehen keine Beweise f\u00fcr Tatbeteiligung von Klette. Aus ihrer Sicht muss Daniela Klette frei gelassen werden.<\/div><\/li><li><a class='rsswidget' href='https:\/\/www.ad-hoc-news.de\/politik\/der-antisemitismusbeauftragte-der-bundesregierung-felix-klein-kritisiert\/69324562'>Der Antisemitismusbeauftragte der Bundesregierung, Felix Klein, kritisiert die Zwischenrufe beim Auftritt des israelischen S\u00e4ngers Noam Bettan beim Eurovision Song Contest (ESC) scharf.&quot;Ich bedaure sehr, dass der Auftritt des israelischen K\u00fcnstlers beim ESC-Halbfinale durch Pfiffe, Zwischenrufe und Sprechch\u00f6re mit unter anderem pro-pal\u00e4stinensischen Parolen gest\u00f6rt wurde&quot;, sagte er der &quot;Rheinischen Post&quot;.<\/a><div class=\"rssSummary\">Antisemitismusbeauftragter kritisiert ESC-Zwischenrufe<\/div><\/li><li><a class='rsswidget' href='https:\/\/www.ad-hoc-news.de\/politik\/die-vorsitzende-des-deutschen-gewerkschaftsbundes-dgb-yasmin-fahimi\/69324136'>Die Vorsitzende des Deutschen Gewerkschaftsbundes (DGB), Yasmin Fahimi, hat die Ank\u00fcndigung der Regierung begr\u00fc\u00dft, weitere Reformschritte mit den Sozialpartnern abzusprechen.<\/a><div class=\"rssSummary\">Fahimi begr\u00fc\u00dft Gespr\u00e4chsank\u00fcndigung der Regierung<\/div><\/li><li><a class='rsswidget' href='https:\/\/www.ad-hoc-news.de\/politik\/nordrhein-westfalens-ministerpraesident-hendrik-wuest-cdu-zeigt-sich\/69324093'>Nordrhein-Westfalens Ministerpr\u00e4sident Hendrik W\u00fcst (CDU) zeigt sich zufrieden \u00fcber den Kabinettsbeschluss zur Kraftwerksstrategie.<\/a><div class=\"rssSummary\">W\u00fcst begr\u00fc\u00dft Kabinettsbeschluss zur Kraftwerksstrategie<\/div><\/li><li><a class='rsswidget' href='https:\/\/www.ad-hoc-news.de\/politik\/juli-zeh-brandenburger-schriftstellerin-und-ehrenamtliche\/69324004'>Juli Zeh, Brandenburger Schriftstellerin und ehrenamtliche Verfassungsrichterin in Potsdam, w\u00fcrde auch mit AfD-Chefin Alice Weidel diskutieren.<\/a><div class=\"rssSummary\">Juli Zeh w\u00fcrde mit Alice Weidel diskutieren<\/div><\/li><li><a class='rsswidget' href='https:\/\/www.ad-hoc-news.de\/politik\/klimaaktivistin-luisa-neubauer-hat-das-am-mittwoch-vom-kabinett\/69324008'>Klimaaktivistin Luisa Neubauer hat das am Mittwoch vom Kabinett verabschiedete Geb\u00e4udemodernisierungsgesetz scharf kritisiert.&quot;Es ist nicht zu erkl\u00e4ren, warum die Regierung inmitten einer fossilen Krise vermehrt auf fossiles Heizen setzen m\u00f6chte&quot;, sagte Neubauer den Zeitungen der Funke-Mediengruppe.<\/a><div class=\"rssSummary\">Neubauer kritisiert neues Heizungsgesetz scharf<\/div><\/li><li><a class='rsswidget' href='https:\/\/www.ad-hoc-news.de\/politik\/spd-parlamentsgeschaeftsfuehrer-dirk-wiese-sieht-die-regierungsparteien\/69324007'>SPD-Parlamentsgesch\u00e4ftsf\u00fchrer Dirk Wiese sieht die Regierungsparteien nach dem Koalitionsausschuss wieder auf einem gemeinsamen Kurs.<\/a><div class=\"rssSummary\">SPD sieht Regierung nach Koalitionsausschuss wieder auf Kurs<\/div><\/li><\/ul>\t\t\t\t<\/div>\n\t\t\t\t<\/div>\n\t\t\t\t\t<\/div>\n\t\t<\/div>\n\t\t\t\t\t<\/div>\n\t\t<\/section>\n\t\t\t\t<section class=\"elementor-section elementor-top-section elementor-element elementor-element-d7bf406 elementor-section-boxed elementor-section-height-default elementor-section-height-default\" data-id=\"d7bf406\" data-element_type=\"section\" data-e-type=\"section\">\n\t\t\t\t\t\t<div class=\"elementor-container elementor-column-gap-default\">\n\t\t\t\t\t<div class=\"elementor-column elementor-col-100 elementor-top-column elementor-element elementor-element-8db7b21\" data-id=\"8db7b21\" data-element_type=\"column\" data-e-type=\"column\">\n\t\t\t<div class=\"elementor-widget-wrap elementor-element-populated\">\n\t\t\t\t\t\t<div class=\"elementor-element elementor-element-ecac3f7 elementor-widget elementor-widget-wp-widget-rss\" data-id=\"ecac3f7\" data-element_type=\"widget\" data-e-type=\"widget\" data-widget_type=\"wp-widget-rss.default\">\n\t\t\t\t<div class=\"elementor-widget-container\">\n\t\t\t\t\t<h5><a class=\"rsswidget rss-widget-feed\" href=\"https:\/\/www.produktwarnung.eu\/feed\"><img decoding=\"async\" class=\"rss-widget-icon\" style=\"border:0\" width=\"14\" height=\"14\" src=\"https:\/\/sd.sd-hausmeisterservice.de\/wp-includes\/images\/rss.png\" alt=\"RSS\" \/><\/a> <a class=\"rsswidget rss-widget-title\" href=\"https:\/\/www.produktwarnung.eu\/\">Produktwarnungen \u2013 Produktr\u00fcckrufe und Verbraucherwarnungen<\/a><\/h5><ul><li><a class='rsswidget' href='https:\/\/www.produktwarnung.eu\/2026\/05\/12\/rueckruf-gesundheitsgefahr-salmonellen-in-reeva-instant-nudelgericht\/37989'>R\u00fcckruf: Gesundheitsgefahr \u2013 Salmonellen in Reeva Instant-Nudelgericht<\/a><div class=\"rssSummary\">Die SLCO GmbH informiert \u00fcber den R\u00fcckruf des Reeva Instant-Nudelgerichts der Geschmacksrichtung Huhn. Wie das Unternehmen mitteilt, wurden im Rahmen einer Untersuchung durch die Landesuntersuchungsanstalt f\u00fcr das Gesundheits- und Veterin\u00e4rwesen Sachsen in dem Produkt Salmonellen (Salmonella Stanley) nachgewiesen. Salmonellen...<\/div><\/li><li><a class='rsswidget' href='https:\/\/www.produktwarnung.eu\/2026\/05\/12\/rueckruf-cube-e-bikes-des-modelljahres-2026-mit-acid-carbon-hybrid-kurbelarmen\/37985'>R\u00fcckruf: CUBE E-Bikes des Modelljahres 2026 mit ACID Carbon Hybrid Kurbelarmen<\/a><div class=\"rssSummary\">CUBE informiert \u00fcber den R\u00fcckruf aller CUBE E-Bike Modelle des Modelljahres 2026, die mit ACID Carbon Hybrid Kurbelarmen 2026 ausgestattet sind und vor dem 08.05.2026 ausgeliefert wurden. Wie das Unternehmen mitteilt, wurde festgestellt, dass es bei den ACID Carbon...<\/div><\/li><li><a class='rsswidget' href='https:\/\/www.produktwarnung.eu\/2026\/05\/11\/rueckruf-gefaehrlich-fuer-kleinkinder-temu-ruft-motorikspielzeug-zurueck\/37978'>R\u00fcckruf: Gef\u00e4hrlich f\u00fcr Kleinkinder \u2013 Temu ruft Motorikspielzeug zur\u00fcck<\/a><div class=\"rssSummary\">Der Online-Marktplatz Temu ruft zwei Holz-Spielzeugartikel zur\u00fcck. Betroffen ist ein Holzperlen Sortierspielzeug Set sowie ein Magnet Angelspielzeug. Der Meldung zufolge wurde festgestellt, dass beide Produkte nicht ausreichend sicher ist, wodurch die Gefahr besteht, Kinder sich Verletzen k\u00f6nnten. Immer wieder...<\/div><\/li><li><a class='rsswidget' href='https:\/\/www.produktwarnung.eu\/2026\/05\/08\/rueckruf-ecoli-kaeswagerl-ruft-camembert-zurueck\/37967'>R\u00fcckruf: Ecoli \u2013 K\u00e4sWagerl ruft Camembert zur\u00fcck<\/a><div class=\"rssSummary\">Die K\u00e4sWagerl,, Arianit Rexhepi &amp; Voglush Rexhepi GbR, informiert \u00fcber den R\u00fcckruf des Rohmilchk\u00e4se \u201eCamembert de Normandie AOP, Moulin de Carel\u201c, 250g mit dem Mindesthaltbarkeitsdatum 10.05.2026. Wie das Unternehmen mitteilt, w\u00fcrde im Rahmen einer Untersuchung\u00a0 ein Nachweis von Toxin...<\/div><\/li><li><a class='rsswidget' href='https:\/\/www.produktwarnung.eu\/2026\/05\/08\/rueckruf-hepatitis-a-erreger-globus-ruft-tiefgekuehlten-beeren-mix-zurueck\/37957'>R\u00fcckruf: Hepatitis A Erreger \u2013 GLOBUS ruft tiefgek\u00fchlten Beeren-Mix zur\u00fcck<\/a><div class=\"rssSummary\">Globus informiert \u00fcber den R\u00fcckruf des Tiefk\u00fchlartikels GLOBUS Beeren-Mix, tiefgek\u00fchlt\u00a0 in der 300g Packung und dem Mindesthaltbarkeitsdatum 29.09.2027. Wie das Unternehmen mitteilt, k\u00f6nnen in dem Artikel Hepatitis A Viren vorhanden sein. Diese k\u00f6nnen zu grippe\u00e4hnlichen Symptomen, \u00dcbelkeit und Erbrechen...<\/div><\/li><li><a class='rsswidget' href='https:\/\/www.produktwarnung.eu\/2026\/05\/08\/rueckruf-salmonellen-in-trockenfisch-hundszahn-umberfisch\/37953'>R\u00fcckruf: Salmonellen in Trockenfisch Hundszahn-Umberfisch<\/a><div class=\"rssSummary\">Die EuroAsia GmbH informiert \u00fcber den R\u00fcckruf von Trockenfisch Hundszahn-Umberfisch Original in der 36g Packung. Wie das Unternehmen mitteilt, wurde im Rahmen einer routinem\u00e4\u00dfigen Untersuchung bei dem Produkt ein m\u00f6glicher mikrobiologischer Befund festgestellt. Es besteht der Verdacht auf eine...<\/div><\/li><li><a class='rsswidget' href='https:\/\/www.produktwarnung.eu\/2026\/05\/08\/safety-gate-meldung-warnung-zu-filmer-cockpit-spray-mit-vanilleduft\/37946'>Safety Gate-Meldung: Warnung zu Filmer Cockpit-Spray mit Vanilleduft<\/a><div class=\"rssSummary\">Das EU Schnellwarnsystem Safety Gate (vormals RAPEX) informiert unter der Alert number: SR\/01317\/26 \u00fcber eine Warnung zum Artikel Cockpit-Spray mit Vanilleduft der Marke Filmer. Der Meldung aus Deutschland zufolge k\u00f6nnen die Dosen eine Undichtigkeit aufweisen und schlimmstenfalls platzen, was...<\/div><\/li><li><a class='rsswidget' href='https:\/\/www.produktwarnung.eu\/2026\/05\/07\/rueckruf-kontrollverlust-droht-goodyear-ruft-eagle-f1-supersport-reifen-zurueck\/37939'>UPDATE R\u00fcckruf: Kontrollverlust droht \u2013 Goodyear ruft Eagle F1 SUPERSPORT Reifen zur\u00fcck<\/a><div class=\"rssSummary\">UPDATE 09.05.2026 \u2013 Zwei weitere Modelle betroffen und hinzugef\u00fcgt Goodyear informiert \u00fcber einen R\u00fcckruf f\u00fcr bestimmte Goodyear Eagle F1 SUPERSPORT Hochgeschwindigkeitsreifen. Wie das Unternehmen mitteilt, entsprechen die Reifen nicht den gesetzlichen Anforderungen f\u00fcr den Einsatz bei hohen Geschwindigkeiten. Diese...<\/div><\/li><li><a class='rsswidget' href='https:\/\/www.produktwarnung.eu\/2026\/05\/07\/rueckruf-etikettierungsfehler-gefluegelbratwurst-kann-kaese-enthalten\/37935'>R\u00fcckruf: Etikettierungsfehler \u2013 Gefl\u00fcgelbratwurst kann K\u00e4se enthalten<\/a><div class=\"rssSummary\">Die Meemken Wurstwaren GmbH informiert \u00fcber einen R\u00fcckruf des Produkts Gefl\u00fcgelbratwurst in der 500g Packung aufgrund eines Etikettierungsfehlers. Durch einen Fehler bei der Verpackung wurden einige Verpackungen \u201eGefl\u00fcgelbratwurst mit K\u00e4se\u201c f\u00e4lschlicherweise mit den Etiketten f\u00fcr normale Gefl\u00fcgelbratw\u00fcrste versehen.\u00a0 Dadurch...<\/div><\/li><li><a class='rsswidget' href='https:\/\/www.produktwarnung.eu\/2026\/05\/07\/sicherheitsaktion-fuer-bestimmte-michelin-primacy-5-energy-pkw-reifen\/37928'>Sicherheitsaktion f\u00fcr bestimmte MICHELIN PRIMACY 5 ENERGY Pkw-Reifen<\/a><div class=\"rssSummary\">Die Michelin Gruppe informiert \u00fcber eine Sicherheitsaktion f\u00fcr Pkw-Reifen des Typ\u2019s MICHELIN PRIMACY 5 ENERGY TM in der Dimension 205\/60R16 92H, die in zwei Januarwochen (DOT-Wochen 3 und 4) im Jahr 2026 produziert wurden. Wie das Unternehmen mitteilt, haben...<\/div><\/li><\/ul>\t\t\t\t<\/div>\n\t\t\t\t<\/div>\n\t\t\t\t\t<\/div>\n\t\t<\/div>\n\t\t\t\t\t<\/div>\n\t\t<\/section>\n\t\t\t\t<\/div>\n\t\t","protected":false},"excerpt":{"rendered":"","protected":false},"author":2,"featured_media":0,"parent":0,"menu_order":0,"comment_status":"closed","ping_status":"closed","template":"","meta":{"footnotes":""},"class_list":["post-418","page","type-page","status-publish","hentry"],"_links":{"self":[{"href":"https:\/\/sd.sd-hausmeisterservice.de\/index.php?rest_route=\/wp\/v2\/pages\/418","targetHints":{"allow":["GET"]}}],"collection":[{"href":"https:\/\/sd.sd-hausmeisterservice.de\/index.php?rest_route=\/wp\/v2\/pages"}],"about":[{"href":"https:\/\/sd.sd-hausmeisterservice.de\/index.php?rest_route=\/wp\/v2\/types\/page"}],"author":[{"embeddable":true,"href":"https:\/\/sd.sd-hausmeisterservice.de\/index.php?rest_route=\/wp\/v2\/users\/2"}],"replies":[{"embeddable":true,"href":"https:\/\/sd.sd-hausmeisterservice.de\/index.php?rest_route=%2Fwp%2Fv2%2Fcomments&post=418"}],"version-history":[{"count":0,"href":"https:\/\/sd.sd-hausmeisterservice.de\/index.php?rest_route=\/wp\/v2\/pages\/418\/revisions"}],"wp:attachment":[{"href":"https:\/\/sd.sd-hausmeisterservice.de\/index.php?rest_route=%2Fwp%2Fv2%2Fmedia&parent=418"}],"curies":[{"name":"wp","href":"https:\/\/api.w.org\/{rel}","templated":true}]}}